{"id":37,"date":"2022-02-26T00:29:33","date_gmt":"2022-02-26T00:29:33","guid":{"rendered":"https:\/\/www.hbf67.dk\/?page_id=37"},"modified":"2026-04-08T18:26:52","modified_gmt":"2026-04-08T16:26:52","slug":"start","status":"publish","type":"page","link":"https:\/\/www.hbf67.dk\/?page_id=37","title":{"rendered":"Klubben"},"content":{"rendered":"\n<p>Google map: <strong><a href=\"https:\/\/www.google.dk\/maps\/place\/Hvals%C3%B8+Billard+Forening\/@55.5928181,11.855951,19.04z\/data=!4m13!1m7!3m6!1s0x465289af1aec6f51:0x7335738576f38f85!2sSkolevej+5,+4330+Hvals%C3%B8!3b1!8m2!3d55.592437!4d11.858733!3m4!1s0x465289af1aec6f51:0xd8060a1b6c19b014!8m2!3d55.5926034!4d11.856343\">Hvals\u00f8 Billard Forening<\/a><\/strong><br>Skolevej 5 (Indgang Sandbech Alle)<br>4330&nbsp;Hvals\u00f8 &nbsp; &nbsp;<br>TLF: 46409252<br>E-mail: <a href=\"mailto:hvalsoebillardforening@gmail.com\">Mail<\/a><br><a href=\"https:\/\/www.youtube.com\/channel\/UCHO3qQDp3dQXxX2Tf6dVQFw\" target=\"_blank\" rel=\"noreferrer noopener\">Youtube-link<\/a><br><a href=\"https:\/\/www.facebook.com\/profile.php?id=100006251264521\" target=\"_blank\" rel=\"noreferrer noopener nofollow\">Facebook-Link<\/a><br>&nbsp;<\/p>\n\n\n\n<figure class=\"wp-block-table is-style-stripes\"><table class=\"has-black-color has-cyan-bluish-gray-background-color has-text-color has-background\"><thead><tr><th>Ansvar<\/th><th>Navn<\/th><th>Adresse<\/th><th>Telefon<\/th><th>Mail<\/th><th><\/th><\/tr><\/thead><tbody><tr><td>Formand<\/td><td>Erling H Jensen<\/td><td>GL. Ringstedvej 9, 4330 Hvals\u00f8<\/td><td>21662936<\/td><td>erlingogditte@fasttvnet.dk<\/td><td>Bestyrelsen<\/td><\/tr><tr><td>Kasserer<\/td><td>Peter Lund<\/td><td>F\u00e6lledvej 22C.2 th, 4000 Roskilde<\/td><td>22785032<\/td><td>hbfpeter@outlook.dk<\/td><td>Bestyrelsen<\/td><\/tr><tr><td>Turneringsleder<\/td><td>Lars Hornsh\u00f8j Kristiansen<\/td><td>Jernbanevej 43 4330 Hvals\u00f8<\/td><td>81720848<\/td><td>hvalsoebillardforening@gmail.com<\/td><td>Bestyrelsen<\/td><\/tr><tr><td><\/td><td><\/td><td><\/td><td><\/td><td><\/td><td><\/td><\/tr><tr><td>Menig medlem<\/td><td>Heidi \u00d8. Hansen<\/td><td><\/td><td><\/td><td><\/td><td>Bestyrelsen<\/td><\/tr><tr><td>Menig medlem<\/td><td>Tonny Nielsen<\/td><td><\/td><td><\/td><td><\/td><td>Bestyrelsen<\/td><\/tr><tr><td>Menig medlem<\/td><td>Per Stephansen<\/td><td><\/td><td><\/td><td><\/td><td>Bestyrelsen<\/td><\/tr><tr><td>Menig medlem<\/td><td>Flemming Rasmussen<\/td><td><\/td><td><\/td><td><\/td><td>Bestyrelsen<\/td><\/tr><tr><td>Fest &amp; arrangementsudvalget<\/td><td>Jill Andersen, Flemming Rasmussen,  Bo Breiting og Kurt Jensen<\/td><td><\/td><td><\/td><td><\/td><td><\/td><\/tr><tr><td>Postmodtager<\/td><td>Hvals\u00f8 Billard Forening<\/td><td>Skolevej 5 4330\u00a0Hvals\u00f8\u00a0<\/td><td>46409252<\/td><td>hvalsoebillardforening@gmail.com<\/td><td><\/td><\/tr><tr><td><\/td><td><\/td><td><\/td><td><\/td><td><\/td><td><\/td><\/tr><tr><td>Turneringsudvalg<\/td><td><\/td><td><\/td><td><\/td><td><\/td><td><\/td><\/tr><tr><td>IT\/Media ansvarlig<\/td><td>Jimmy Frydendal<\/td><td><\/td><td><\/td><td><\/td><td><\/td><\/tr><\/tbody><\/table><\/figure>\n\n\n\n<p><\/p>\n\n\n\n<p class=\"has-cyan-bluish-gray-color has-text-color has-link-color wp-elements-d305ed2607dad18a8ca46491e63d58b4\">Send os gerne en besked i f\u00f8lgende formular og vi vender snarest tilbage<br>Dine oplysninger vil ikke blive gemt<\/p>\n\n\n<style id=\"wpforms-css-vars-3100-block-72319d6c-a4a9-4ee3-a26c-569d0c228a68\">\n\t\t\t\t#wpforms-3100.wpforms-block-72319d6c-a4a9-4ee3-a26c-569d0c228a68 {\n\t\t\t\t--wpforms-field-size-input-height: 43px;\n--wpforms-field-size-input-spacing: 15px;\n--wpforms-field-size-font-size: 16px;\n--wpforms-field-size-line-height: 19px;\n--wpforms-field-size-padding-h: 14px;\n--wpforms-field-size-checkbox-size: 16px;\n--wpforms-field-size-sublabel-spacing: 5px;\n--wpforms-field-size-icon-size: 1;\n--wpforms-label-size-font-size: 16px;\n--wpforms-label-size-line-height: 19px;\n--wpforms-label-size-sublabel-font-size: 14px;\n--wpforms-label-size-sublabel-line-height: 17px;\n--wpforms-button-size-font-size: 17px;\n--wpforms-button-size-height: 41px;\n--wpforms-button-size-padding-h: 15px;\n--wpforms-button-size-margin-top: 10px;\n\t\t\t}\n\t\t\t<\/style><div class=\"wpforms-container wpforms-container-full wpforms-block wpforms-block-72319d6c-a4a9-4ee3-a26c-569d0c228a68 wpforms-render-modern\" id=\"wpforms-3100\"><form id=\"wpforms-form-3100\" class=\"wpforms-validate wpforms-form wpforms-ajax-form\" data-formid=\"3100\" method=\"post\" enctype=\"multipart\/form-data\" action=\"\/index.php?rest_route=%2Fwp%2Fv2%2Fpages%2F37\" data-token=\"e7f6255730f67f2d809db40099ffc948\" data-token-time=\"1777730470\"><noscript class=\"wpforms-error-noscript\">Please enable JavaScript in your browser to complete this form.<\/noscript><div id=\"wpforms-error-noscript\" style=\"display: none;\">Please enable JavaScript in your browser to complete this form.<\/div><div class=\"wpforms-field-container\"><div id=\"wpforms-3100-field_0-container\" class=\"wpforms-field wpforms-field-name\" data-field-id=\"0\"><label class=\"wpforms-field-label\" for=\"wpforms-3100-field_0\">Navn <span class=\"wpforms-required-label\" aria-hidden=\"true\">*<\/span><\/label><input type=\"text\" id=\"wpforms-3100-field_0\" class=\"wpforms-field-medium wpforms-field-required\" name=\"wpforms[fields][0]\" aria-errormessage=\"wpforms-3100-field_0-error\" required><\/div><div id=\"wpforms-3100-field_1-container\" class=\"wpforms-field wpforms-field-email\" data-field-id=\"1\"><label class=\"wpforms-field-label\" for=\"wpforms-3100-field_1\">Email <span class=\"wpforms-required-label\" aria-hidden=\"true\">*<\/span><\/label><input type=\"email\" id=\"wpforms-3100-field_1\" class=\"wpforms-field-medium wpforms-field-required\" name=\"wpforms[fields][1]\" spellcheck=\"false\" aria-errormessage=\"wpforms-3100-field_1-error\" required><\/div><div id=\"wpforms-3100-field_18-container\" class=\"wpforms-field wpforms-field-text\" data-field-id=\"18\"><label class=\"wpforms-field-label\" for=\"wpforms-3100-field_18\">Mobil nummer<\/label><input type=\"text\" id=\"wpforms-3100-field_18\" class=\"wpforms-field-medium wpforms-masked-input\" data-rule-inputmask-incomplete=\"1\" data-inputmask-mask=\"+45 99999999\" name=\"wpforms[fields][18]\" aria-errormessage=\"wpforms-3100-field_18-error\" ><\/div><div id=\"wpforms-3100-field_2-container\" class=\"wpforms-field wpforms-field-textarea\" data-field-id=\"2\"><label class=\"wpforms-field-label\" for=\"wpforms-3100-field_2\">Besked <span class=\"wpforms-required-label\" aria-hidden=\"true\">*<\/span><\/label><textarea id=\"wpforms-3100-field_2\" class=\"wpforms-field-medium wpforms-field-required wpforms-limit-characters-enabled\" data-form-id=\"3100\" data-field-id=\"2\" data-text-limit=\"1000\" name=\"wpforms[fields][2]\" aria-errormessage=\"wpforms-3100-field_2-error\" maxlength=\"1000\" required><\/textarea><\/div><\/div><!-- .wpforms-field-container --><div class=\"wpforms-submit-container\" ><input type=\"hidden\" name=\"wpforms[id]\" value=\"3100\"><input type=\"hidden\" name=\"page_title\" value=\"\"><input type=\"hidden\" name=\"page_url\" value=\"https:\/\/www.hbf67.dk\/index.php?rest_route=\/wp\/v2\/pages\/37\"><input type=\"hidden\" name=\"url_referer\" value=\"\"><button type=\"submit\" name=\"wpforms[submit]\" id=\"wpforms-submit-3100\" class=\"wpforms-submit\" data-alt-text=\"Sending...\" data-submit-text=\"Send\" aria-live=\"assertive\" value=\"wpforms-submit\">Send<\/button><img loading=\"lazy\" decoding=\"async\" src=\"https:\/\/www.hbf67.dk\/wp-content\/plugins\/wpforms-lite\/assets\/images\/submit-spin.svg\" class=\"wpforms-submit-spinner\" style=\"display: none;\" width=\"26\" height=\"26\" alt=\"Loading\"><\/div><\/form><\/div>  <!-- .wpforms-container -->\n\n\n<p><\/p>\n\n\n\n<p class=\"has-cyan-bluish-gray-color has-text-color has-link-color wp-elements-6c5da5ad5c0c7d23114e2fd94063cc6c\"><\/p>\n","protected":false},"excerpt":{"rendered":"<p>Google map: Hvals\u00f8 Billard ForeningSkolevej 5 (Indgang Sandbech Alle)4330&nbsp;Hvals\u00f8 &nbsp; &nbsp;TLF: 46409252E-mail: MailYoutube-linkFacebook-Link&nbsp; Ansvar Navn Adresse Telefon Mail Formand Erling H Jensen<\/p>\n<p class=\"link-more\"><a class=\"myButt \" href=\"https:\/\/www.hbf67.dk\/?page_id=37\">Read More<\/a><\/p>\n","protected":false},"author":1,"featured_media":0,"parent":0,"menu_order":0,"comment_status":"closed","ping_status":"closed","template":"","meta":{"footnotes":""},"class_list":["post-37","page","type-page","status-publish","hentry"],"yoast_head":"<!-- This site is optimized with the Yoast SEO plugin v27.2 - https:\/\/yoast.com\/product\/yoast-seo-wordpress\/ -->\n<title>Klubben - Hvals\u00f8 Billard Forening<\/title>\n<meta name=\"robots\" content=\"index, follow, max-snippet:-1, max-image-preview:large, max-video-preview:-1\" \/>\n<link rel=\"canonical\" href=\"https:\/\/www.hbf67.dk\/?page_id=37\" \/>\n<meta property=\"og:locale\" content=\"da_DK\" \/>\n<meta property=\"og:type\" content=\"article\" \/>\n<meta property=\"og:title\" content=\"Klubben - Hvals\u00f8 Billard Forening\" \/>\n<meta property=\"og:description\" content=\"Google map: Hvals\u00f8 Billard ForeningSkolevej 5 (Indgang Sandbech Alle)4330&nbsp;Hvals\u00f8 &nbsp; &nbsp;TLF: 46409252E-mail: MailYoutube-linkFacebook-Link&nbsp; Ansvar Navn Adresse Telefon Mail Formand Erling H JensenRead More\" \/>\n<meta property=\"og:url\" content=\"https:\/\/www.hbf67.dk\/?page_id=37\" \/>\n<meta property=\"og:site_name\" content=\"Hvals\u00f8 Billard Forening\" \/>\n<meta property=\"article:modified_time\" content=\"2026-04-08T16:26:52+00:00\" \/>\n<meta name=\"twitter:card\" content=\"summary_large_image\" \/>\n<meta name=\"twitter:label1\" content=\"Estimeret l\u00e6setid\" \/>\n\t<meta name=\"twitter:data1\" content=\"1 minut\" \/>\n<script type=\"application\/ld+json\" class=\"yoast-schema-graph\">{\"@context\":\"https:\/\/schema.org\",\"@graph\":[{\"@type\":\"WebPage\",\"@id\":\"https:\/\/www.hbf67.dk\/?page_id=37\",\"url\":\"https:\/\/www.hbf67.dk\/?page_id=37\",\"name\":\"Klubben - Hvals\u00f8 Billard Forening\",\"isPartOf\":{\"@id\":\"https:\/\/www.hbf67.dk\/#website\"},\"datePublished\":\"2022-02-26T00:29:33+00:00\",\"dateModified\":\"2026-04-08T16:26:52+00:00\",\"breadcrumb\":{\"@id\":\"https:\/\/www.hbf67.dk\/?page_id=37#breadcrumb\"},\"inLanguage\":\"da-DK\",\"potentialAction\":[{\"@type\":\"ReadAction\",\"target\":[\"https:\/\/www.hbf67.dk\/?page_id=37\"]}]},{\"@type\":\"BreadcrumbList\",\"@id\":\"https:\/\/www.hbf67.dk\/?page_id=37#breadcrumb\",\"itemListElement\":[{\"@type\":\"ListItem\",\"position\":1,\"name\":\"Hjem\",\"item\":\"https:\/\/www.hbf67.dk\/\"},{\"@type\":\"ListItem\",\"position\":2,\"name\":\"Klubben\"}]},{\"@type\":\"WebSite\",\"@id\":\"https:\/\/www.hbf67.dk\/#website\",\"url\":\"https:\/\/www.hbf67.dk\/\",\"name\":\"Hvals\u00f8 Billard Forening\",\"description\":\"\",\"potentialAction\":[{\"@type\":\"SearchAction\",\"target\":{\"@type\":\"EntryPoint\",\"urlTemplate\":\"https:\/\/www.hbf67.dk\/?s={search_term_string}\"},\"query-input\":{\"@type\":\"PropertyValueSpecification\",\"valueRequired\":true,\"valueName\":\"search_term_string\"}}],\"inLanguage\":\"da-DK\"}]}<\/script>\n<!-- \/ Yoast SEO plugin. -->","yoast_head_json":{"title":"Klubben - Hvals\u00f8 Billard Forening","robots":{"index":"index","follow":"follow","max-snippet":"max-snippet:-1","max-image-preview":"max-image-preview:large","max-video-preview":"max-video-preview:-1"},"canonical":"https:\/\/www.hbf67.dk\/?page_id=37","og_locale":"da_DK","og_type":"article","og_title":"Klubben - Hvals\u00f8 Billard Forening","og_description":"Google map: Hvals\u00f8 Billard ForeningSkolevej 5 (Indgang Sandbech Alle)4330&nbsp;Hvals\u00f8 &nbsp; &nbsp;TLF: 46409252E-mail: MailYoutube-linkFacebook-Link&nbsp; Ansvar Navn Adresse Telefon Mail Formand Erling H JensenRead More","og_url":"https:\/\/www.hbf67.dk\/?page_id=37","og_site_name":"Hvals\u00f8 Billard Forening","article_modified_time":"2026-04-08T16:26:52+00:00","twitter_card":"summary_large_image","twitter_misc":{"Estimeret l\u00e6setid":"1 minut"},"schema":{"@context":"https:\/\/schema.org","@graph":[{"@type":"WebPage","@id":"https:\/\/www.hbf67.dk\/?page_id=37","url":"https:\/\/www.hbf67.dk\/?page_id=37","name":"Klubben - Hvals\u00f8 Billard Forening","isPartOf":{"@id":"https:\/\/www.hbf67.dk\/#website"},"datePublished":"2022-02-26T00:29:33+00:00","dateModified":"2026-04-08T16:26:52+00:00","breadcrumb":{"@id":"https:\/\/www.hbf67.dk\/?page_id=37#breadcrumb"},"inLanguage":"da-DK","potentialAction":[{"@type":"ReadAction","target":["https:\/\/www.hbf67.dk\/?page_id=37"]}]},{"@type":"BreadcrumbList","@id":"https:\/\/www.hbf67.dk\/?page_id=37#breadcrumb","itemListElement":[{"@type":"ListItem","position":1,"name":"Hjem","item":"https:\/\/www.hbf67.dk\/"},{"@type":"ListItem","position":2,"name":"Klubben"}]},{"@type":"WebSite","@id":"https:\/\/www.hbf67.dk\/#website","url":"https:\/\/www.hbf67.dk\/","name":"Hvals\u00f8 Billard Forening","description":"","potentialAction":[{"@type":"SearchAction","target":{"@type":"EntryPoint","urlTemplate":"https:\/\/www.hbf67.dk\/?s={search_term_string}"},"query-input":{"@type":"PropertyValueSpecification","valueRequired":true,"valueName":"search_term_string"}}],"inLanguage":"da-DK"}]}},"_links":{"self":[{"href":"https:\/\/www.hbf67.dk\/index.php?rest_route=\/wp\/v2\/pages\/37","targetHints":{"allow":["GET"]}}],"collection":[{"href":"https:\/\/www.hbf67.dk\/index.php?rest_route=\/wp\/v2\/pages"}],"about":[{"href":"https:\/\/www.hbf67.dk\/index.php?rest_route=\/wp\/v2\/types\/page"}],"author":[{"embeddable":true,"href":"https:\/\/www.hbf67.dk\/index.php?rest_route=\/wp\/v2\/users\/1"}],"replies":[{"embeddable":true,"href":"https:\/\/www.hbf67.dk\/index.php?rest_route=%2Fwp%2Fv2%2Fcomments&post=37"}],"version-history":[{"count":36,"href":"https:\/\/www.hbf67.dk\/index.php?rest_route=\/wp\/v2\/pages\/37\/revisions"}],"predecessor-version":[{"id":4168,"href":"https:\/\/www.hbf67.dk\/index.php?rest_route=\/wp\/v2\/pages\/37\/revisions\/4168"}],"wp:attachment":[{"href":"https:\/\/www.hbf67.dk\/index.php?rest_route=%2Fwp%2Fv2%2Fmedia&parent=37"}],"curies":[{"name":"wp","href":"https:\/\/api.w.org\/{rel}","templated":true}]}}